
-159
Let g(a) = -a**3 + 41*a**2 - 258*a - 50. Calculate g(8).
-2
Let j(w) = w**2 - 34*w + 179. Give j(17).
-110
Let v(g) = 4*g**2 - 3*g - 96. Calculate v(0).
-96
Let g(j) = -2*j**2 - 30*j - 294. What is g(-22)?
-602
Let c(l) = -l**2 - l + 46. Calculate c(6).
4
Let o(p) = -1853*p + 11074. Calculate o(6).
-44
Let g(i) = 293*i - 2119. Calculate g(8).
225
Let l(g) = g**2 - 75*g + 434. Give l(6).
20
Let x(y) = 6*y**2 + 21*y + 44. What is x(-10)?
434
Let j(f) = -3*f**3 + 15*f**2 + 104*f + 31. Give j(9).
-5
Let v(j) = 4*j - 19. Calculate v(2).
-11
Let a(n) = 213*n - 632. Give a(3).
7
Let p(z) = 3*z**2 - 31*z - 114. What is p(-4)?
58
Let q(c) = c**3 - 11*c**2 + 4*c - 9. What is q(7)?
-177
Let l(b) = -b**3 + 4*b**2 + 39*b - 50. Determine l(9).
-104
Let h(i) = -i**2 - 7291*i + 36493. What is h(5)?
13
Let a(r) = 12*r + 186. Calculate a(-13).
30
Let i(h) = -h**3 + 62*h**2 - 736*h - 12. What is i(16)?
-12
Let l(a) = -4*a**3 - 15*a**2 + 6*a + 37. What is l(-3)?
-8
Let g(r) = r**2 + 203*r + 3653. What is g(-183)?
-7
Let s(c) = 5*c**2 - 455*c + 503. Give s(90).
53
Let g(i) = 9*i**3 - 4*i**2 + 5*i - 3. Give g(1).
7
Let r(j) = 65*j**2 - 2016*j - 18. Determine r(31).
-49
Let l(f) = f**2 + 30*f + 145. What is l(-5)?
20
Let y(b) = -137*b + 250. Determine y(2).
-24
Let s(w) = 448*w + 10315. Calculate s(-23).
11
Let n(g) = -g**3 + 10*g**2 + 2*g + 10. What is n(11)?
-89
Let z(k) = 12*k - 105. What is z(8)?
-9
Let f(k) = 3*k**2 - 71*k + 139. Calculate f(2).
9
Let t(k) = 33*k**2 + 427*k - 13. Give t(-13).
13
Let b(p) = -41*p - 1559. Determine b(-35).
-124
Let k(g) = 1321*g - 42278. Determine k(32).
-6
Let r(g) = g**3 - 9*g**2 - 86. What is r(10)?
14
Let s(c) = 32*c + 573. Calculate s(-23).
-163
Let n(p) = 73*p + 648. Determine n(-9).
-9
Let c(x) = -2*x**2 + 15*x + 8. Calculate c(-3).
-55
Let i(f) = -138*f + 19552. Determine i(142).
-44
Let b(k) = -k**2 - 329*k - 15061. Determine b(-55).
9
Let a(p) = -13*p + 232. Give a(12).
76
Let i(y) = 23*y**2 - 5594*y + 1210. What is i(243)?
-5
Let o(k) = -40*k + 178. Give o(29).
-982
Let m(l) = -8*l**2 - 830*l - 9278. Calculate m(-91).
4
Let l(o) = 436*o - 1325. Calculate l(3).
-17
Let l(d) = 103*d - 1954. What is l(19)?
3
Let u(w) = -38*w - 31. Give u(-8).
273
Let u(j) = j**3 - 2*j**2 - 15*j - 18. What is u(-4)?
-54
Let q(x) = -2*x**2 + 26*x - 145. What is q(16)?
-241
Let s(n) = -22*n**2 - 457*n + 599. Give s(-22).
5
Let b(v) = -7*v**2 - 1630*v - 17079. What is b(-11)?
4
Let p(b) = b**3 - 12*b**2 + 34*b - 24. Determine p(8).
-8
Let h(o) = o - 11. Calculate h(6).
-5
Let h(l) = l**3 + 118*l**2 - 100*l + 2264. Determine h(-119).
3
Let z(m) = 5*m**2 - 23*m + 17. Determine z(4).
5
Let b(s) = -s**3 + 78*s**2 - 436*s + 284. Determine b(72).
-4
Let q(u) = -u**3 + 27*u**2 - 174*u + 15. Determine q(12).
87
Let x(g) = -10*g**2 + 95*g - 547. Calculate x(6).
-337
Let z(y) = -2*y**3 - 23*y**2 - 62*y + 27. Calculate z(-7).
20
Let l(a) = -97*a - 139. Calculate l(1).
-236
Let y(j) = 18*j**2 + 13*j + 16. Give y(-2).
62
Let j(z) = 27*z + 346. Calculate j(-13).
-5
Let p(k) = -7*k**3 + 21*k**2 - 21*k + 53. Calculate p(3).
-10
Let k(r) = 10*r**2 - 27*r + 27. Give k(1).
10
Let h(z) = 13*z**2 - 397*z + 211. Give h(30).
1
Let w(s) = 4*s**3 - 5*s**2 - 5*s - 2. Give w(-3).
-140
Let u(r) = -5*r**2 + 29*r + 5. Give u(10).
-205
Let m(k) = -4*k**2 - 72*k + 292. Determine m(-18).
292
Let b(d) = -d**3 + 16*d**2 - 15*d - 35. Calculate b(14).
147
Let m(r) = -180*r - 18. What is m(-1)?
162
Let q(z) = -3*z**3 - 10*z**2 - 2*z. Calculate q(-2).
-12
Let a(x) = -997*x + 5985. Give a(6).
3
Let g(u) = u**3 - 26*u + 62. Determine g(7).
223
Let i(t) = -5*t**2 + 572*t + 2345. Determine i(-4).
-23
Let l(p) = p**2 + 254*p + 7844. Determine l(-218).
-4
Let g(b) = -36*b + 256. Give g(7).
4
Let q(x) = 2*x**2 - 6*x - 25. Calculate q(-3).
11
Let w(b) = 104*b + 11. Calculate w(1).
115
Let m(n) = 7*n + 728. Give m(-91).
91
Let g(x) = -707*x**3 + x**2 + 136*x + 135. Give g(-1).
707
Let g(j) = -2*j**3 + 48*j**2 + 65*j - 377. Give g(25).
-2
Let d(m) = m**2 - 18*m - 180. Calculate d(-11).
139
Let q(v) = v**2 + 190*v - 2037. Calculate q(10).
-37
Let o(i) = -i**3 - 32*i**2 + 91*i + 715. Give o(-34).
-67
Let c(b) = -146*b + 759. Determine c(5).
29
Let z(n) = -11*n + 52. Calculate z(5).
-3
Let f(h) = 3*h**2 - 4*h + 23. What is f(-6)?
155
Let o(r) = -151*r + 646. Calculate o(3).
193
Let a(p) = -2*p**2 - 71*p + 73. Give a(-36).
37
Let k(i) = 2*i**3 + 122*i**2 - 165*i - 10066. Determine k(-61).
-1
Let x(s) = -4*s**3 - 5*s**2 + 5*s + 10. Determine x(-2).
12
Let k(z) = -z**3 - z**2 + 17*z - 22. Give k(2).
0
Let h(i) = i**3 - 34*i**2 - 3*i + 60. Determine h(34).
-42
Let b(g) = -2*g**2 + 22*g + 142. Calculate b(22).
-342
Let y(h) = -82*h - 448. Calculate y(-4).
-120
Let f(y) = -4006*y - 8002. What is f(-2)?
10
Let v(d) = -d**2 - 29*d + 327. Determine v(9).
-15
Let x(b) = -20*b**3 + b - 6. Calculate x(-2).
152
Let a(r) = 15*r + 83. Determine a(-14).
-127
Let a(v) = v**3 - 49*v**2 + 391*v - 1166. Give a(40).
74
Let n(y) = -2550*y - 15282. Give n(-6).
18
Let d(b) = -321*b + 26979. What is d(84)?
15
Let z(c) = 9*c**3 - 22*c**2 - 24*c + 42. Determine z(3).
15
Let d(w) = -39*w**2 - 94*w - 29. What is d(-2)?
3
Let j(k) = -154*k + 113. What is j(2)?
-195
Let u(k) = -2*k**3 - 313*k**2 + 130*k - 4278. Calculate u(-157).
-39
Let a(p) = 185*p + 1784. Give a(-10).
-66
Let o(p) = 5*p**2 - 17*p - 241. What is o(-6)?
41
Let o(c) = c**3 - 8*c**2 - 83*c + 25. Give o(-6).
19
Let q(s) = 20*s**2 + 285*s + 22. Determine q(-14).
-48
Let l(o) = -o**2 - 46*o + 691. Give l(-58).
-5
Let n(q) = -q**2 + 488*q + 2450. What is n(-5)?
-15
Let o(h) = 1335*h - 12053. Determine o(9).
-38
Let x(g) = -g**3 + 3*g**2 + 37. Determine x(5).
-13
Let q(r) = -r**2 - 48*r + 161. Calculate q(-45).
296
Let w(u) = u - 23. Give w(9).
-14
Let q(p) = p**3 + 14*p**2 - 13*p + 38. What is q(-15)?
8
Let z(a) = 5*a**2 - 62*a - 91. Calculate z(13).
-52
Let q(m) = 8173*m + 40844. Calculate q(-5).
-21
Let p(s) = 21*s + 467. Calculate p(-10).
257
Let l(a) = -a - 59. Give l(-16).
-43
Let f(y) = 11*y**3 + 2*y**2 - 2*y - 6. What is f(-2)?
-82
Let m(k) = -13*k - 45. Give m(-4).
7
Let x(z) = -18*z**2 + 69*z + 550. Calculate x(-8).
-1154
Let q(h) = 3*h**2 + 29*h + 21. Calculate q(-11).
65
Let r(p) = -p**2 - 2020*p + 10144. Give r(5).
19
Let k(r) = 14*r**3 + 2*r**2 + 2*r - 4. Give k(1).
14
Let h(x) = x**3 - 300*x**2 - 286*x - 4507. What is h(301)?
8
Let y(v) = -89*v - 4369. Calculate y(-49).
-8
Let j(h) = -2*h**3 - 5*h**2 - 13*h - 74. What is j(-7)?
458
Let q(w) = -104*w + 1550. Give q(15).
-10
Let k(s) = -s**2 - 113*s + 2662. Give k(-133).
2
Let i(r) = -26*r + 768. Give i(30).
-12
Let c(v) = 44*v**3 + v**2 - 3*v + 3. Calculate c(1).
45
Let x(w) = w**3 + 8*w**2 - 112*w - 39. What is x(-17)?
-736
Let g(b) = -b**2 + 31*b - 113. Calculate g(30).
-83
Let i(v) = -v**3 + 103*v**2 + 116*v - 1236. What is i(104)?
12
Let x(q) = 61*q - 292. Determine x(4).
-48
Let j(p) = p**3 + 15*p**2 + 14*p - 43. What is j(-14)?
-43
Let z(l) = 69*l**3 - 54*l + 54. Calculate z(1).
69
Let n(v) = 21194*v - 148363. Calculate n(7).
-5
Let c(i) = -4*i + 9. What is c(-15)?
69
Let r(b) = 34*b**2 - 23*b + 38. What is r(2)?
128
Let k(q) = 39*q**2 + 28*q + 4. What is k(-3)?
271
Let s(n) = 2*n**2 - 607*n - 34151. Calculate s(352).
-7
Let j(d) = -2*d**2 + 10*d + 218. Calculate j(-8).
10
Let p(t) = -2*t**2 - 499*t - 9787. What is p(-228)?
17
Let g(q) = q**3 - 10*q**2 - 5*q + 12. Calculate g(10).
-38
Let z(n) = -10*n - 423. Calculate z(-42).
-3
Let c(f) = -338*f + 2021. Give c(6).
-7
Let x(s) = 263*s - 59168. Calculate x(225).
7
Let y(i) = 15*i - 53. Calculate y(4).
7
Let i(b) = 40*b + 1621. Give i(-42).
-59
Let c(x) = -x**3 + 40*x**2 - 44*x + 222. What is c(39)?
27
Let f(r) = -197*r + 8459. Calculate f(43).
-12
Let k(l) = -l**3 + 12*l**2 - 153. What is k(8)?
103
Let v(f) = -f**2 - 129*f + 76212. Determine v(219).
0
Let l(g) = 242*g**2 + 48*g + 51. What is l(-1)?
245
Let p(a) = -39*a - 187. What is p(-8)?
125
Let k(p) = 8965*p + 116542. What is k(-13)?
-3
Let a(u) = -u**3 - 7*u**2 - 2*u + 14. What is a(-6)?
-10
Let a(g) = 8*g**2 - 63*g - 69. What is a(9)?
12
Let u(j) = -j**3 - 17*j**2 - 7*j - 52. Determine u(0).
-52
Let c(p) = 34*p - 281. Determine c(8).
-9
Let z(w) = 32*w + 33. Give z(-1).
1
Let s